12 + r**3/6 + 2*r**2 + 56*r. Determine u(i).
-1
Suppose -18*s - 24 = -14*s. Let b be s - (-11 - 9) - (-6)/2. Let h(f) = -f**2 + 17*f - 7. What is h(b)?
-7
Suppose 15*i - 4*i - 6*i = 0. Let u be 80/(-30)*(-3 + i). Let z(r) = 2*r - 16. Calculate z(u).
0
Let z(u) be the third derivative of u**4/24 + 3*u**3 - 1056*u**2. Give z(-34).
-16
Let y(k) = -94*k**3 + 33*k**2 - 47*k - 22. Let d(j) = 69*j**3 - 25*j**2 + 35*j + 16. Let b(u) = -15*d(u) - 11*y(u). Suppose 44 = 3*a + a. Determine b(a).
35
Let l(g) = g**3 - 13*g**2 - 66*g + 275. Let h be l(16). Let t(k) = -k**2 + 22*k + 450. Determine t(h).
-5
Let q(h) = h + 9. Let b(u) = -u**3 - 11*u**2 + u + 13. Let c be b(-11). Suppose -d + 18 = c*d. Let p(r) = -7*r + 33. Let y be p(d). Determine q(y).
0
Let v be ((-9)/12 + -2)*-4. Let c(u) = -u + 16. Let s be c(v). Let d(q) = -1 + 133*q + 139*q - 272*q + q**3 - 2*q**2 - 2*q**2. Give d(s).
24
Let f(q) = -q**2 - 1. Let w(i) = 5*i**3 - 1. Let h(u) = -f(u) + 2*w(u). Determine h(1).
10
Let u(b) = -b**3 + 9*b**2 + 7*b + 9. Let g be u(9). Suppose 238*i = 229*i - g. Let w(o) = o + 4. Calculate w(i).
-4
Let y(w) be the second derivative of w**5/20 + w**4/4 - 53*w**3/6 + 33*w - 18. Give y(-9).
-9
Let i(t) = -3*t**2 - 1 + 2245*t + 6*t**2 - 2232*t. Give i(-3).
-13
Let g(x) be the second derivative of -x**5/10 + x**4/4 - 2*x**3/3 + 3*x**2/2 + 11*x. Let b be (-1)/(-2)*7*(-3)/63*-12. Give g(b).
-9
Suppose -19*h + 4*h = -195. Let x be 6/4 + (-90)/(-4). Let p(j) = -h - x - 5*j + 38. Give p(4).
-19
Let u(y) be the second derivative of -y**6/120 - y**5/15 + y**4/12 + 2*y**3/3 + 41*y**2 - 111*y. Let o(s) be the first derivative of u(s). Give o(-4).
-4
Let p(o) be the third derivative of -o**5/30 - 4*o**4/3 + 65*o**3/6 + o**2 + 76*o. Give p(-18).
-7
Let z(t) = -t + 10. Let c(w) = w**2 - 4*w + 5. Let l be c(5). Let q(f) = -f**2 + 22*f - 79. Let k be q(17). Suppose -l = k*a - 7*a. Determine z(a).
0
Let f(h) = -53 + 7 - 119*h - 49 + 143*h - h**2 - 22. Calculate f(16).
11
Let z(u) = u**3 - 3*u**2 - 5*u + 25. Let g be z(3). Let i(n) be the first derivative of n**3/3 - 5*n**2 + 5*n + 26. What is i(g)?
5
Let n be 0/((-3 - -9)*(-9)/(-18)). Let b(q) = -q**2 + n - 5*q + 9*q - q - 5*q + 4. Let z = 10 + -14. Calculate b(z).
-4
Let o(i) = -i**3 - 27*i**2 - 49*i + 18. Let p = -1301 - -1276. Determine o(p).
-7
Suppose 126 = 53*b - 33. Let a(m) = 3*m**2 + 2*m + 2. Give a(b).
35
Let z(l) = 2 - 2*l**2 + l**2 - l + 1. Let k(p) = -p**2 - 557*p - 7075. Let y be k(-13). What is z(y)?
-3
Let w(r) = -2*r + 4. Let f = -30 + 48. Suppose -p - 8*j = -4*j - f, -3*p = -4*j - 54. Suppose -2*u - p = -5*u. What is w(u)?
-8
Let r(o) = -2*o**2 + 10*o + 4 + 3*o**2 - o. Let i be (2/7)/(9/126). Let x(l) = 9*l - 41. Let w be x(i). Give r(w).
-16
Let d = 6 + 4. Let g(q) = 23*q + 51. Let h be g(9). Let j(o) = 13 - 255*o - o**3 + 511*o - h*o + 10*o**2. Give j(d).
-7
Let k(m) be the third derivative of -m**5/60 + m**4/6 + 7*m**3/6 - 2*m**2 - 10*m + 184. Give k(7).
-14
Let o(a) = -a - 1. Let q be o(3). Let l(x) be the third derivative of x**2 - 1/6*x**3 + 62*x - 1/8*x**4 + 0 - 1/60*x**5. What is l(q)?
-5
Suppose -u - u = i - 34, -4*i = -8. Let x = u - 12. Suppose 3*f = x*c - 10, -3*f + 3*c - 5*c - 4 = 0. Let v(b) = 3*b + 3. Calculate v(f).
-3
Suppose 6*v = 2*v + 28. Let w(s) = 5*s**2 - v*s - s**3 - 7 - 23*s**2 + 3*s**2 + 8*s**2. Give w(-7).
42
Let z(y) be the first derivative of -y**2 - y + 2. Let d be (-1)/(30/108*3/(-10)). Suppose -2*m - d = -w + 2, -2 = -w. What is z(m)?
11
Let c = -22 + 24. Let q(h) = h**3 - 43*h**2 + 7 + 38*h**2 - c*h - 3*h. Let l(s) = 2*s + 15. Let v be l(-5). Determine q(v).
-18
Let a be ((1 - 3) + 1)*56/(-14). Suppose 10*u - 54 = a*u. Let c(g) = g - 13. Give c(u).
-4
Let o(r) be the second derivative of 7*r**3/6 - 32*r - 1. Let f(h) = 10*h - 1. Let t(q) = -2*f(q) + 3*o(q). Determine t(-5).
-3
Let a(z) = 2*z + 10. Let l be a(-7). Let s(y) = 2*y**2 + 7*y - 3. Let i be s(l). Let t(k) = 1 + 3*k - 3 + i - 1. Calculate t(4).
10
Let i = 276 - 274. Let v(r) = 2*r**i - r - 2*r**2 + 5*r**2 - 6*r**2 + 8 - r**3. Give v(0).
8
Let t(l) = l - 1. Let w be t(6). Suppose -32*k - 18 = -37*k - 2*b, 3*b - 2 = 5*k. Let a(d) = 5*d**k + 2*d + 265*d**3 + 262*d**3 - 528*d**3 - 7. Determine a(w).
3
Suppose 5*q - 38 = w - 5, 5*q - 21 = -3*w. Suppose -q*o + 7*o = 2. Let m(r) = 0*r - 2216*r**2 + 2219*r**o + r - r**3. Give m(3).
3
Let a(y) = -y**2 - 18. Suppose -4*x + 3*g + 723 + 1385 = 0, 2*g - 1581 = -3*x. Let v = x - 527. Calculate a(v).
-18
Let f(x) be the second derivative of 7*x**4/12 + x**3/3 + x**2/2 + 3903*x. Determine f(-1).
6
Let c be ((-36)/15)/(2/10). Let u be 2/3 + 80/c. Let j(y) be the second derivative of -y**4/12 - 5*y**3/6 + 2*y**2 + 1808*y. Give j(u).
-2
Suppose -2*i = 4*f, 8*f + 18 = 2*i + 3*f. Suppose -10 = -i*j - 2*l, -3*j - 7 = -7*j + l. Let y(p) = 45*p - 29*p + 1 + 4*p**j - 19*p. Give y(2).
11
Let l(n) = -145325*n**2 - 13*n - 7 + 290643*n**2 - 2 - 145319*n**2 - 3. Let d = 10 - 20. Determine l(d).
18
Let o(u) = 3*u + 1758095 - 1758066 + 18*u. What is o(-1)?
8
Let b(w) = -w**2 + 6*w + 9. Let k(o) = o**2 - 6*o - 20. Let u be k(-8). Let n be (-4 - u/(-20)) + (-32)/(-5). Give b(n).
2
Let v = 10360 + -10355. Let g(q) = -2*q**3 + 10*q**2 + 3*q - 6. Determine g(v).
9
Let x = -390 + 394. Suppose 13 = -y - 5*o, x*y + 5*o + 16 = -21. Let n(p) = -p**2 - 5*p + 16. What is n(y)?
-8
Let a(i) be the first derivative of -7*i**4/2 + 1431. Let x(m) = m + 15. Let w be x(-9). Suppose w*d = d + 5. What is a(d)?
-14
Let o = -978 + 971. Let t(n) = -12*n**2 + 23*n + 11. Let l(g) = 7*g**2 - 12*g - 6. Let m(v) = 7*l(v) + 4*t(v). What is m(o)?
-5
Let b(z) be the third derivative of -z**5/15 - 3*z**4/4 + 5*z**3/3 + z**2 + 407*z. Give b(-5).
0
Let d(h) = -1. Let g = 26 + -24. Let n(x) = -x - 8. Let w(b) = g*n(b) - 10*d(b). Calculate w(5).
-16
Let s(q) = 19 - 12*q**3 + 294*q**2 - 308*q**2 + 21*q**3 - 32*q - 8*q**3. Calculate s(16).
19
Let q be (-232)/3 + 2/6. Let r = 90 + q. Let d(k) = -7 + 0*k**2 - r*k - 8 - k**2 - 2. Calculate d(-12).
-5
Let x = -393 - -407. Let o(q) be the first derivative of x*q + 26 + 1/2*q**2. Calculate o(-8).
6
Let w(k) be the third derivative of -2/3*k**3 + 0*k - 2*k**2 + 1/60*k**5 - 19 - 1/3*k**4. What is w(8)?
-4
Let w(u) be the first derivative of u**3/3 + 7*u**2/2 - 2*u + 120. Suppose 3*i + 16 = -3*h + 4, 0 = 5*h - 2*i + 48. What is w(h)?
6
Let f(v) = -v**2 + 3*v + 131. Let j be f(13). Let g(u) = 5*u - 11. Let i be g(j). Let t(m) = m**3 + 5*m**2 - 7*m - 6. Calculate t(i).
0
Suppose 0*n - 3*n = -18. Let j = 466 - 447. Let w(o) = -4*o - j*o**2 + 35*o**2 - 4 - 5*o**2 + o**3 - 16*o**2. Calculate w(n).
8
Let h(d) be the second derivative of -23*d**3/2 + 310*d**2 - 2*d + 55. Give h(9).
-1
Let y = 0 + 2. Let n be (-10)/2 + 3/((-6)/(-14)). Let z(k) = 17*k + 4. Let t(l) = 38*l + 10. Let a(d) = n*t(d) - 5*z(d). Calculate a(y).
-18
Let i(k) be the first derivative of 3*k**2/2 - 3*k - 1. Suppose 0 = 22*a - 72 - 126. Let u be ((-6)/a)/((-7)/21). Calculate i(u).
3
Let x(g) = 6*g**2 - 7*g - 3*g**2 + 12 - 2*g**2. Let f be x(5). Let t(s) = 6*s + 5. Let k(d) = -6*d - 7. Let a(y) = 3*k(y) + 4*t(y). What is a(f)?
11
Let l(p) be the second derivative of -p**4/6 + 2*p**3/3 + 2*p**2 + 9*p. Let a(y) = -y**2 - 8*y + 26. Let n be a(-10). Suppose -t + n*t - 20 = 0. Give l(t).
-12
Let s be 0*(-4)/(24/(-3)). Suppose s = -2*c + r + 11, 9*r = -3*c + 4*r - 16. Suppose c*u = n + 1 - 0, 3*u = 6. Let i(h) = -h**2 + 4*h + 1. Calculate i(n).
-4
Let r = 0 + -3. Let l(g) = -4*g + 105. Let b(o) = 3*o - 45. Let p(h) = 7*b(h) + 3*l(h). What is p(r)?
-27
Let i(q) be the first derivative of -q**5/120 + 62*q**3/3 - 100. Let u(h) be the third derivative of i(h). Determine u(-6).
6
Let c(o) = -56*o + 10*o + 35 - 65 + 451. Give c(9).
7
Let y = 274 + -271. Let a(b) = -b + 682 - 683 + 5*b**2 - 4*b**2. Give a(y).
5
Let n(l) = -l**2 + 2*l + 4. Let r = 298 - 276. Suppose -66 = -r*t - 0*t. What is n(t)?
1
Let n be -4*3/(-12)*5. Suppose -n*x = 327 - 1052. Let z be (2/8 - 0) + x/(-20). Let f(b) = b**3 + 6*b**2 - 8*b + 9. Determine f(z).
16
Let m(p) = 7*p**2 + 41*p + 13. Let n(c) = -3*c**2 - 18*c - 6. Let b(d) = -5*m(d) - 11*n(d). What is b(-4)?
-3
Let n(j) be the third derivative of j**4/6 - 10*j**3/3 + 928*j**2. Determine n(4).
-4
Let f(c) = 1427 - 2*c**3 